3*y + 11 = -3*x - 1. Let s = -5 - y. List the prime factors of s.
3
Let k be (2/4)/(2/60). Let c = -45 - -53. Let i = c + k. What are the prime factors of i?
23
Let h(j) = j**2 + j - 17. Let y(x) = -x**3 - 7*x**2 - 8*x - 5. Let r be y(-6). What are the prime factors of h(r)?
3, 13
Let g(i) = 4*i**3 + 4*i**2 - 4*i + 9. What are the prime factors of g(3)?
3, 47
Suppose -6*a = -5*x - 2*a + 834, -496 = -3*x - 2*a. List the prime factors of x.
2, 83
Let n(d) = d - 10. Let g be n(7). What are the prime factors of 0*3/g - -8?
2
Let a be (-2)/6 - (-64)/12. Suppose a*c - m + 51 = 0, 3*c - 4*m = -2*c - 54. What are the prime factors of (-114)/c - (-10)/(-25)?
11
Suppose -14 = -4*v + 5*z, 3*v + 3*z + z = 26. Let h be v/(-8) - (-9)/12. Let q = h - -2. List the prime factors of q.
2
Let l = -12 - -5. Let a = l - -14. What are the prime factors of a?
7
Suppose s - 8 = 3*s + 4*y, -4*s - 5*y = 13. Let r = -22 + 14. Let d = s - r. List the prime factors of d.
2, 3
What are the prime factors of (-4 + 2)*-4*16?
2
Suppose -r = 4*r - 10. Suppose 0*l + 2 = r*l. Suppose -2 = -z + l. List the prime factors of z.
3
What are the prime factors of (333/45)/(1/5)?
37
Let m = -5 + 14. List the prime factors of 2/m + (-496)/(-36).
2, 7
Suppose 284 = 5*k + 64. What are the prime factors of k?
2, 11
Let u(m) = -m - 3*m + 0*m + 2 - m**2. Let j be u(-4). Suppose j*r + 40 = 6*r. What are the prime factors of r?
2, 5
Let k(x) = -x**2 + 9*x + 4. Let h be k(8). Suppose -3*d + 94 = s + 18, -3*s = -d + h. List the prime factors of 4*57/d*2.
19
Let p(x) be the third derivative of -x**4/24 + x**3/6 + 3*x**2. List the prime factors of p(-8).
3
Let b(g) = 6*g**2 - g - 4. Let y(x) = -x**2. Let h(q) = b(q) + 5*y(q). Let i be h(3). Suppose 5*r - i*r = 33. What are the prime factors of r?
11
What are the prime factors of (-436)/(-16) + 6/8?
2, 7
Suppose -3*a - 2*x = -5*x + 3, -2*a - 2*x = -18. Suppose -k + 4*h = 4*k - 22, 0 = -k + h + a. What are the prime factors of k?
2, 3
Let n(m) = 4*m + 10. Let j(g) = g + 3. Let i(d) = -8*j(d) + 3*n(d). What are the prime factors of i(5)?
2, 13
Let v(a) = -a + 40. What are the prime factors of v(0)?
2, 5
Let y(x) = x**3 - 11*x**2 - 9*x - 9. List the prime factors of y(12).
3
Let f(h) be the first derivative of -h**2/2 + h - 1. List the prime factors of f(-6).
7
Let f(z) = z**2 - 2*z - 2. Let o be f(3). Let s(y) = 5*y**2. Let g be s(o). Suppose 16 + 29 = g*h. List the prime factors of h.
3
Suppose -968 = -4*i + 4*l, 0*l - 3*l = -5*i + 1206. What are the prime factors of i?
2, 3, 5
Let o(a) = a**3 - 2*a**2 - 6*a - 1. What are the prime factors of o(5)?
2, 11
Let i = 143 - 42. Suppose 3*w + l = 5*l + 47, -l = -5*w + i. Let v = 41 - w. List the prime factors of v.
2, 5
Let z = 16 + -13. Suppose -5*w - 4*s = -47, 8*w - 4*s - 23 = z*w. What are the prime factors of w?
7
Suppose -3*j - 9 = -3*f, 5*f - 2*j = -5*j + 23. Suppose 26 = 2*t + 4*q, 2*q = -f*t - 2*q + 36. List the prime factors of t.
5
Let p(f) = f**3 - 3*f**2 - 11*f + 2. List the prime factors of p(7).
11
Let q(p) be the second derivative of -p**5/30 - p**4/24 + p**3/3 + p. Let c(j) be the second derivative of q(j). List the prime factors of c(-1).
3
Let n(m) = 112*m - 16. List the prime factors of n(3).
2, 5
Let d(m) = m**3 - 4*m**2 + m + 6. List the prime factors of d(5).
2, 3
Let d(b) = b - 9. Let r be d(8). Let i(z) = z**3 + 9*z**2 - z - 10. Let k be i(-9). List the prime factors of 21 + (r - 1) + k.
2, 3
What are the prime factors of 6*6 - (-7 - -13)/3?
2, 17
Let o = -4 - -18. What are the prime factors of o?
2, 7
Let d(u) = -3*u**2 + 0*u + 0*u + 6*u**2. Let s be d(1). Suppose 5*t = -3*w + 21, -18 + 63 = s*w - 3*t. What are the prime factors of w?
2, 3
Let w(j) = j**3 - 6*j**2 + 4*j + 2. Let v = -12 + 17. Let i be w(v). List the prime factors of (3/i)/((-1)/7).
7
Suppose 0*t - 3*t = 39. Let l = 25 + t. What are the prime factors of l?
2, 3
Suppose 2*q = -4, 2*l - 28 - 6 = -4*q. List the prime factors of l.
3, 7
Suppose 7 = 2*l - l. List the prime factors of l.
7
Suppose -6*v + 409 + 185 = 0. List the prime factors of v.
3, 11
Let i(m) = m + 10. Let c(p) = -6*p**2 - 7*p - 8 + 6*p**3 - 4*p**3 - p**3. Let o be c(7). What are the prime factors of i(o)?
2
Let m(y) = 2*y + 1. Let f be m(3). Let o(q) = -q**3 + 6*q**2 + 4*q + 8. Let v(u) = -1. Let j(a) = -o(a) + v(a). List the prime factors of j(f).
2, 3
What are the prime factors of 26 + -4 - (-2 - -4)?
2, 5
Let k(a) = -14*a**2 - 9*a + 23. Let x(u) = 5*u**2 + 3*u - 8. Let i(d) = 6*k(d) + 17*x(d). Let o be i(3). List the prime factors of ((-55)/20)/(o/(-8)).
11
Suppose 0 = -m + 2*x - 13 + 5, 5*m - 2*x = -8. Suppose -5*i + 5 = -m*i. What are the prime factors of 18 - -3 - (i - -2)?
2, 3
Let r(b) = 9*b**2 - 2*b - 1. Suppose 2*p + 3 = -q + 2, 4*p - 5*q - 33 = 0. Suppose 0 = 3*m + 1 + p. What are the prime factors of r(m)?
2, 5
Suppose 0 = 4*b - 2*b + 12. Let v = -1 - b. Suppose y = 4*y, 3*y = v*p - 110. List the prime factors of p.
2, 11
Let b = 30 + -11. List the prime factors of b.
19
Let s(b) = -b**3 - 6*b**2 - 5*b - 12. Let q be s(-5). What are the prime factors of (-453)/(-12) - 3/q?
2, 19
Let z = 11 - 6. Suppose -1 + 22 = n - z*t, 3*t + 15 = 3*n. What are the prime factors of 1/(-1)*-10*n?
2, 5
What are the prime factors of (-320)/(-25) - 1/(-5)?
13
Suppose 3 = 5*p + 5*v - 17, 0 = 5*p + 3*v - 22. Suppose 4 = s - 2*m, 4 = p*m - 1. Suppose 5*t + 4*z = 65, -z - 1 = -s. What are the prime factors of t?
3
Suppose -3*y + 8*y = -3*z + 9, 0 = -4*y. What are the prime factors of ((-30)/(-6))/(z/6)?
2, 5
List the prime factors of (161/(-14))/(3/(-6)).
23
Let r(p) = -7*p - 7. List the prime factors of r(-5).
2, 7
Let n(a) = -a**3 + 8*a**2 - 5*a - 9. Let i be (-2)/4*28/(-2). List the prime factors of n(i).
5
Suppose -2*x = 3*i + 3*x - 133, -i + 5*x + 51 = 0. List the prime factors of i.
2, 23
Suppose -4*v - 69 = -7*v. List the prime factors of v.
23
Let p(z) = 15*z**2. What are the prime factors of p(1)?
3, 5
Suppose -5*f + 9 + 61 = 0. What are the prime factors of 332/f - 8/(-28)?
2, 3
Let u = 9 + -5. Let o be -4 + 4/(u + -2). Let f = 4 + o. What are the prime factors of f?
2
Let j = -9 + 8. Let h(l) = -9*l**3 + l**2 + l + 1. List the prime factors of h(j).
2, 5
Suppose 2*r - 3*r + 145 = 5*k, -3*r = 2*k - 448. List the prime factors of r.
2, 3, 5
Let m = 3 - 2. Suppose p = 3*j - 7, -2*p = 2*p - 8. Let k = j + m. List the prime factors of k.
2
Let n(y) = y**2 - 7*y - 1. Let i be n(8). Suppose f + 5*o = i, 2*f + f + 4*o = 54. What are the prime factors of f?
2, 11
Let z = 4 + -4. Let f = 3 - -1. Suppose z = -7*j + f*j + 24. List the prime factors of j.
2
Suppose -3*w - u + 24 + 2 = 0, 2*w + 5*u - 26 = 0. What are the prime factors of 30/w - (-3)/12?
2
Suppose -4*v - 172 = -5*t - 7*v, -3*t = 4*v - 112. List the prime factors of t.
2
Suppose -5*s + 20 = 0, 4*z - 52 = s + 2*s. What are the prime factors of z?
2
Let r(y) = 124*y**3 + 2*y**2 - 2*y. List the prime factors of r(1).
2, 31
Suppose 5*n = 8*n - 12. List the prime factors of n.
2
Suppose 12 = -4*k + 6*k. Suppose k*d + 8 = 2*d. List the prime factors of 3 - (0 + (-1 - d)).
2
Let t(q) = -q**3 + 10*q**2 - 1. Let f be t(10). Let w be (-3 + 4)/(f/(-2)). List the prime factors of ((-21)/(-9))/(w/6).
7
Suppose 5*o + 93 = -52. Let p = o + 41. List the prime factors of p.
2, 3
Let f(q) be the third derivative of q**5/60 + 14*q**3/3 - 4*q**2. List the prime factors of f(0).
2, 7
Let d be 5 + (-3 - -2 - 0). Let o be d/((1*-2)/(-4)). Suppose 0 = 8*p - 4*p - o. List the prime factors of p.
2
Suppose 15 = -0*m + 3*m. Let q(w) be the second derivative of w**3/3 + 5*w**2/2 + 2*w - 4. What are the prime factors of q(m)?
3, 5
Suppose 5*n + 15 = -5*x + 40, -5 = 4*n - x. List the prime factors of -1*((n - 2) + -12).
2, 7
Let q be 8 - -1*(1 - 3). Let m be ((1*q)/(-3))/(-1). Suppose 3 = 3*j - m*j, 5*p - 70 = -5*j. What are the prime factors of p?
11
Let m(t) = t**2 - 2*t - 1. Let n(j) = -2*j**2 + 2*j + 2. Let x(i) = -3*m(i) - 2*n(i). List the prime factors of x(-5).
2, 7
Suppose 2*h + 25 = -3*h - 5*f, -3*h = -4*f - 20. Let x(m) = -m + 9. What are the prime factors of x(h)?
3
Let x(q) = -q**3 + 5*q**2 - q - 1. Let b be x(4). Let o = b - 7. What are the prime factors of o?
2
Suppose 5*b - b = 1068. What are the prime factors o